{"id":8,"date":"2025-12-09T17:35:00","date_gmt":"2025-12-09T17:35:00","guid":{"rendered":"https:\/\/gprappresentanze.it\/?page_id=8"},"modified":"2025-12-11T17:02:46","modified_gmt":"2025-12-11T17:02:46","slug":"chi-siamo","status":"publish","type":"page","link":"https:\/\/gprappresentanze.it\/index.php\/chi-siamo\/","title":{"rendered":"CHI SIAMO"},"content":{"rendered":"<p>Siamo Agenti di Commercio attivi su <strong>Roma<\/strong> e su tutta la regione Lazio, <strong>Abruzzo<\/strong> e <strong>Molise,<\/strong> specializzati nei settori<strong> Cartoleria<\/strong>, <strong>Scuola<\/strong> e <strong>Ufficio<\/strong>. Da pi\u00f9 di 20 anni collaboriamo con aziende del settore, offrendo un supporto commerciale completo e orientato alla crescita del loro business sul territorio.<\/p>\n<p>Grazie alla nostra consolidata esperienza e alla profonda conoscenza del mercato locale, garantiamo un efficace inserimento dei prodotti presso rivenditori, negozi specializzati, ingrossi e realt\u00e0 della distribuzione organizzata.<\/p>\n<p>Siamo riconosciuti per professionalit\u00e0, competenza e affidabilit\u00e0, qualit\u00e0 che ci hanno permesso di costruire e mantenere nel tempo un ampio portafoglio clienti fidelizzati.<\/p>\n<p><strong>Offriamo:<\/strong><\/p>\n<p>Presidio costante del territorio<\/p>\n<p>Attivit\u00e0 di promozione e sviluppo vendite<\/p>\n<p>Gestione e ampliamento della clientela<\/p>\n<p>Approccio consulenziale e orientato ai risultati<\/p>\n<p><strong>Il nostro obiettivo \u00e8 rafforzare la presenza dei brand rappresentati e generare crescita commerciale duratura, attraverso relazioni solide e strategie mirate.<\/strong><\/p>\n","protected":false},"excerpt":{"rendered":"<p>Siamo Agenti di Commercio attivi su Roma e su tutta la regione Lazio, Abruzzo e Molise, specializzati nei settori Cartoleria, Scuola e Ufficio. Da pi\u00f9 di 20 anni collaboriamo con aziende del settore, offrendo un supporto commerciale completo e orientato alla crescita del loro business sul territorio. Grazie alla nostra consolidata esperienza e alla profonda [&hellip;]<\/p>\n","protected":false},"author":1,"featured_media":0,"parent":0,"menu_order":2,"comment_status":"closed","ping_status":"closed","template":"","meta":{"footnotes":""},"class_list":["post-8","page","type-page","status-publish","hentry"],"_links":{"self":[{"href":"https:\/\/gprappresentanze.it\/index.php\/wp-json\/wp\/v2\/pages\/8","targetHints":{"allow":["GET"]}}],"collection":[{"href":"https:\/\/gprappresentanze.it\/index.php\/wp-json\/wp\/v2\/pages"}],"about":[{"href":"https:\/\/gprappresentanze.it\/index.php\/wp-json\/wp\/v2\/types\/page"}],"author":[{"embeddable":true,"href":"https:\/\/gprappresentanze.it\/index.php\/wp-json\/wp\/v2\/users\/1"}],"replies":[{"embeddable":true,"href":"https:\/\/gprappresentanze.it\/index.php\/wp-json\/wp\/v2\/comments?post=8"}],"version-history":[{"count":4,"href":"https:\/\/gprappresentanze.it\/index.php\/wp-json\/wp\/v2\/pages\/8\/revisions"}],"predecessor-version":[{"id":52,"href":"https:\/\/gprappresentanze.it\/index.php\/wp-json\/wp\/v2\/pages\/8\/revisions\/52"}],"wp:attachment":[{"href":"https:\/\/gprappresentanze.it\/index.php\/wp-json\/wp\/v2\/media?parent=8"}],"curies":[{"name":"wp","href":"https:\/\/api.w.org\/{rel}","templated":true}]}}